{"id":123,"date":"2025-01-21T16:39:13","date_gmt":"2025-01-21T16:39:13","guid":{"rendered":"https:\/\/laughing-wiles.93-90-200-180.plesk.page\/index.php\/vielen-dank\/"},"modified":"2025-01-21T16:39:17","modified_gmt":"2025-01-21T16:39:17","slug":"vielen-dank","status":"publish","type":"page","link":"https:\/\/laughing-wiles.93-90-200-180.plesk.page\/index.php\/vielen-dank\/","title":{"rendered":"Vielen Dank"},"content":{"rendered":"<div class=\"\" style=\"\" >\n  \n    <section class=\"u-clearfix u-white u-section-1\" id=\"sec-816d\">\n      <div class=\"u-clearfix u-sheet u-sheet-1\">\n        <img decoding=\"async\" class=\"u-image u-image-default u-preserve-proportions u-image-1\" src=\"https:\/\/laughing-wiles.93-90-200-180.plesk.page\/wp-content\/uploads\/2025\/01\/flobau-bodensee-logo.svg\" alt=\"\" data-image-width=\"250\" data-image-height=\"150\">\n        <h1 class=\"u-align-center u-text u-text-1\">\n          <span class=\"u-text-palette-2-base\">Vielen Dank f\u00fcr Ihre Anfrage.<br>\n            <font color=\"#2f5d77\">Dein Angebot ist auf dem Weg&nbsp;<\/font>\n            <br>\n            <font color=\"#2f5d77\">in dein E-Mail Postfach.<\/font>\n            <br>\n          <\/span>\n        <\/h1>\n        <p class=\"u-align-center u-text u-text-2\"> Dein Angebot ist auf dem Weg und wird in K\u00fcrze per E-Mail bei Dir sein. Solltest Du keine E-Mail erhalten, pr\u00fcfe bitte auch Deinen Spam-Ordner. <\/p>\n        <p class=\"u-align-center u-text u-text-3\"> Dein Angebot ist auf dem Weg und wird in K\u00fcrze per E-Mail bei Dir sein. Solltest Du keine E-Mail erhalten, pr\u00fcfe bitte auch Deinen Spam-Ordner. <\/p>\n      <\/div>\n    <\/section>\n    <section class=\"u-clearfix u-palette-3-base u-section-2\" id=\"sec-92d0\">\n      <div class=\"u-clearfix u-sheet u-valign-middle u-sheet-1\">\n        <div class=\"data-layout-selected u-clearfix u-expanded-width u-gutter-0 u-layout-custom-sm u-layout-custom-xs u-layout-wrap u-layout-wrap-1\">\n          <div class=\"u-layout\">\n            <div class=\"u-layout-row\">\n              <div class=\"u-align-center u-container-align-center u-container-style u-image u-layout-cell u-left-cell u-similar-fill u-size-10-lg u-size-10-md u-size-10-sm u-size-10-xl u-size-12-xs u-image-1\" data-image-width=\"500\" data-image-height=\"500\" style=\"background-image: url(&quot;https:\/\/laughing-wiles.93-90-200-180.plesk.page\/wp-content\/uploads\/2025\/01\/1.png&quot;);\">\n                <div class=\"u-container-layout u-valign-middle u-container-layout-1\"><\/div>\n              <\/div>\n              <div class=\"u-align-center u-container-align-center u-container-style u-image u-layout-cell u-similar-fill u-size-10-lg u-size-10-md u-size-10-sm u-size-10-xl u-size-12-xs u-image-2\" data-image-width=\"500\" data-image-height=\"500\" style=\"background-image: url(&quot;https:\/\/laughing-wiles.93-90-200-180.plesk.page\/wp-content\/uploads\/2025\/01\/2.png&quot;);\">\n                <div class=\"u-container-layout u-container-layout-2\"><\/div>\n              <\/div>\n              <div class=\"u-align-center u-container-align-center u-container-style u-image u-layout-cell u-similar-fill u-size-10-lg u-size-10-md u-size-10-sm u-size-10-xl u-size-12-xs u-image-3\" data-image-width=\"500\" data-image-height=\"500\" style=\"background-image: url(&quot;https:\/\/laughing-wiles.93-90-200-180.plesk.page\/wp-content\/uploads\/2025\/01\/3.png&quot;);\">\n                <div class=\"u-container-layout u-valign-middle u-container-layout-3\"><\/div>\n              <\/div>\n              <div class=\"u-align-center u-container-align-center u-container-style u-image u-image-contain u-layout-cell u-similar-fill u-size-10-lg u-size-10-md u-size-10-sm u-size-10-xl u-size-12-xs u-image-4\" data-image-width=\"500\" data-image-height=\"500\" style=\"background-image: url(&quot;https:\/\/laughing-wiles.93-90-200-180.plesk.page\/wp-content\/uploads\/2025\/01\/4.png&quot;);\">\n                <div class=\"u-container-layout u-container-layout-4\"><\/div>\n              <\/div>\n              <div class=\"u-align-center u-container-align-center u-container-style u-image u-layout-cell u-similar-fill u-size-10-lg u-size-10-md u-size-10-sm u-size-10-xl u-size-12-xs u-image-5\" data-image-width=\"500\" data-image-height=\"500\" style=\"background-image: url(&quot;https:\/\/laughing-wiles.93-90-200-180.plesk.page\/wp-content\/uploads\/2025\/01\/5.png&quot;);\">\n                <div class=\"u-container-layout u-valign-middle u-container-layout-5\"><\/div>\n              <\/div>\n              <div class=\"u-align-center u-container-align-center u-container-style u-hidden-xs u-image u-layout-cell u-right-cell u-similar-fill u-size-10-lg u-size-10-md u-size-10-sm u-size-10-xl u-size-60-xs u-image-6\" data-image-width=\"500\" data-image-height=\"500\" style=\"background-image: url(&quot;https:\/\/laughing-wiles.93-90-200-180.plesk.page\/wp-content\/uploads\/2025\/01\/6.png&quot;);\">\n                <div class=\"u-container-layout u-valign-middle u-container-layout-6\"><\/div>\n              <\/div>\n            <\/div>\n          <\/div>\n        <\/div>\n      <\/div>\n    <\/section>\n    \n    \n    \n    \n    \n    \n  \n<\/div>","protected":false},"excerpt":{"rendered":"<p>Vielen Dank f\u00fcr Ihre Anfrage. Dein Angebot ist auf dem Weg&nbsp; in dein E-Mail Postfach. Dein Angebot ist auf dem Weg und wird in K\u00fcrze per E-Mail bei Dir sein. Solltest Du keine E-Mail erhalten, pr\u00fcfe bitte auch Deinen Spam-Ordner. Dein Angebot ist auf dem Weg und wird in K\u00fcrze per E-Mail bei Dir sein. [&hellip;]<\/p>\n","protected":false},"author":1,"featured_media":0,"parent":0,"menu_order":9,"comment_status":"closed","ping_status":"closed","template":"","meta":{"footnotes":""},"class_list":["post-123","page","type-page","status-publish","hentry"],"_links":{"self":[{"href":"https:\/\/laughing-wiles.93-90-200-180.plesk.page\/index.php\/wp-json\/wp\/v2\/pages\/123","targetHints":{"allow":["GET"]}}],"collection":[{"href":"https:\/\/laughing-wiles.93-90-200-180.plesk.page\/index.php\/wp-json\/wp\/v2\/pages"}],"about":[{"href":"https:\/\/laughing-wiles.93-90-200-180.plesk.page\/index.php\/wp-json\/wp\/v2\/types\/page"}],"author":[{"embeddable":true,"href":"https:\/\/laughing-wiles.93-90-200-180.plesk.page\/index.php\/wp-json\/wp\/v2\/users\/1"}],"replies":[{"embeddable":true,"href":"https:\/\/laughing-wiles.93-90-200-180.plesk.page\/index.php\/wp-json\/wp\/v2\/comments?post=123"}],"version-history":[{"count":1,"href":"https:\/\/laughing-wiles.93-90-200-180.plesk.page\/index.php\/wp-json\/wp\/v2\/pages\/123\/revisions"}],"predecessor-version":[{"id":139,"href":"https:\/\/laughing-wiles.93-90-200-180.plesk.page\/index.php\/wp-json\/wp\/v2\/pages\/123\/revisions\/139"}],"wp:attachment":[{"href":"https:\/\/laughing-wiles.93-90-200-180.plesk.page\/index.php\/wp-json\/wp\/v2\/media?parent=123"}],"curies":[{"name":"wp","href":"https:\/\/api.w.org\/{rel}","templated":true}]}}